be u(-2). Suppose 4*w = 3*x - 6*x + 153, -4*w + r = -2*x. Let p be (1 + -2)*2 + 28. What is the highest common factor of p and w?
13
Let g(s) = -s + 6. Let a be g(7). Let x be (-3 + 2)*(a + -10). Suppose -6*b + 448 = -80. What is the highest common factor of b and x?
11
Suppose 3*j - j = -26. Let b be 2/(1/(j/(-2))). What is the greatest common divisor of b and 117?
13
Suppose 0 = 4*o - 16, 145 - 26 = -5*y - 4*o. Let i = -21 - y. What is the greatest common divisor of i and 6?
6
Let r be 1/(2/(-20)*1). Let o be (-44)/(-10) + r/25. Suppose -3*w + o = w. What is the greatest common factor of w and 2?
1
Suppose -5*r + 4*o + 1580 = 0, -965 = -r - 2*r - o. Suppose 0 = q + 3*q - r. What is the highest common factor of q and 16?
16
Let h be (-109)/(-2) - (-1)/2. Suppose -8*w = -3*w - 10. Suppose -z + 20 = -w. Calculate the highest common divisor of z and h.
11
Let s = -63 + 89. What is the highest common divisor of s and 13?
13
Let t = -13 - -11. Let q = t + 6. Suppose -2*s + 0*s = -q. Calculate the greatest common divisor of s and 8.
2
Suppose -3*a + 2*a + 20 = 0. Let k(r) = r**2 + 2*r + 1. Let z be k(-3). Suppose -a + 0 = -z*t. Calculate the highest common factor of 1 and t.
1
Let u(z) be the second derivative of 5/2*z**2 + 3*z + 0 - 1/6*z**3. Let w be u(-6). Calculate the highest common divisor of w and 11.
11
Suppose -3*z - z + 308 = 0. Suppose 25 = 4*l - 3. What is the highest common factor of l and z?
7
Suppose 3*c = 4*q - 10, 5*q = 3*q - 10. Let r be c/(-4)*(-2 - 2). Let u be (-4 - 32)*r/3. Calculate the greatest common factor of 15 and u.
15
Suppose 0 = 3*q + 2*g - 24, -3*q + 21 = -0*q + 3*g. Calculate the greatest common factor of q and 30.
10
Let s(a) = a**2 - 22*a + 34. Let m be s(22). What is the highest common factor of 51 and m?
17
Let i = 4 + 0. What is the highest common divisor of 12 and i?
4
Let b = 63 + -23. Suppose 0 = p - 0*p - 5, 5*q - b = 2*p. Calculate the greatest common factor of q and 25.
5
Suppose 0 = -3*v + 2*v + 36. Suppose 5*a - 55 = 35. Calculate the greatest common factor of a and v.
18
Let h be 6/(-4)*632/(-6). Suppose 5*k + h = 5*j - 97, 4*j - 207 = 5*k. Calculate the greatest common factor of 16 and j.
16
Let b = -32 - -2. Let u = b + 52. What is the highest common divisor of 88 and u?
22
Suppose 5*n - 14 = 16. What is the greatest common divisor of 1 and n?
1
Let j = 21 - 15. What is the greatest common factor of j and 3?
3
Let x be 4/(4/3) - -1. Let n be (-1)/(-4) - (-27)/x. Calculate the highest common factor of n and 49.
7
Let h be (-2)/2 + (-15)/(-5). Suppose h*u - 18 - 20 = 0. Let f = 181 - u. What is the greatest common divisor of 18 and f?
18
Let b = -16 + 97. Calculate the highest common divisor of b and 45.
9
Let y be ((-12)/5)/(3/(-10)). Suppose -3*m - 80 = -y*m - h, 0 = 5*m + 4*h - 95. Calculate the highest common divisor of m and 60.
15
Let n = 0 + 3. Suppose -5*y + 4*y = -n*c - 46, 2*y = -4*c + 122. Let k(t) = t + 6. Let g be k(5). What is the greatest common factor of y and g?
11
Let q(s) = s**3 - 5*s**2 + 3. Let g be q(5). Suppose g = -2*d + 13. What is the highest common divisor of d and 45?
5
Let b(a) = a**2 + 1. Let c be b(-3). Let p be (-1)/3*(-14 + -1). What is the greatest common divisor of c and p?
5
Suppose 0 = -p - 2*v + v + 112, v - 2 = 0. Suppose 5*q - 148 = -38. Calculate the highest common factor of q and p.
22
Suppose 2*z + 3*z = s + 13, 3*s + 6 = 4*z. Suppose -q - 2*u = -s*q + 18, -q + 33 = -5*u. What is the highest common factor of 2 and q?
2
Suppose -a = -4*a + 42. Suppose -7*m + 8 = -3*m. Suppose m*j + j = 210. Calculate the greatest common factor of a and j.
14
Let h be ((-15)/2)/((-15)/40). Calculate the highest common factor of 4 and h.
4
Suppose -10 = 4*q - 58. Let y = q + -8. Calculate the highest common divisor of 44 and y.
4
Suppose 0 = 4*j + 16, 0 = 5*t + 4*j - 288 - 136. Calculate the greatest common divisor of t and 8.
8
Let a = -380 - -768. Suppose -3*k - 2 = -4*m + 8, 4*k - 28 = -5*m. Suppose -2*f - m = 0, a - 34 = 2*t + 3*f. Calculate the greatest common divisor of t and 20.
20
Let r(m) = m + 15. Let j be r(-6). What is the greatest common divisor of j and 9?
9
Suppose -3*f = -4*m - 68, 4*m - 8*m = f - 28. Calculate the highest common factor of f and 8.
8
Let w = -17 + 21. Let d = 8 - w. What is the greatest common divisor of 6 and d?
2
Let f = -1 + 5. Suppose -2*j = j + 3*k - 180, -305 = -5*j - f*k. Let v be (5 - 3) + -3 - -14. What is the highest common factor of j and v?
13
Let l(g) = g**2 + 13*g + 12. Let z be l(-13). Let d be -1 + 1 + 2 + 94. What is the highest common divisor of d and z?
12
Let k(b) = -2*b + 4. Let o be k(-1). Calculate the greatest common factor of 78 and o.
6
Let h be 100/(-12)*(-2 - 1). Calculate the greatest common divisor of h and 10.
5
Suppose 9 = 4*d + 5. Calculate the greatest common divisor of d and 9.
1
Suppose 2*b = -5*y + 8, -3*b = -3*y + 6*y - 3. What is the greatest common divisor of y and 1?
1
Let n(s) = -4*s - 40. Let b be n(-11). Calculate the greatest common divisor of b and 32.
4
Suppose 2*m = -4*c - 10 + 28, -5*m + 38 = 3*c. Suppose 0*k = -4*k - 72. Let y be (-14)/k - (-2)/9. What is the greatest common divisor of m and y?
1
Let i(d) = d**2 - d + 4. Let g be i(0). Suppose g*r + 5*n = 2*r + 1, -4*n = -3*r - 10. Let p be -96*3*r/4. What is the greatest common factor of 18 and p?
18
Let j be (-4)/6 - 175/(-15). Let s be (-14)/4*-34 + 2. What is the greatest common divisor of s and j?
11
Suppose 0 = 2*c + 8 + 28. Let f = c + 21. Calculate the greatest common divisor of f and 24.
3
Suppose u + p = 12, 4*u = -2*p + 36 + 4. Suppose 12 + u = h. What is the highest common factor of h and 50?
10
Suppose -2*i + z = -8, -4 + 0 = 2*z. Suppose 0*j = i*j - 75. Let b be (-36 + 11)*7/(-1). Calculate the greatest common factor of j and b.
25
Suppose -4*w - 18 = -3*h + 2, 0 = -w + 4. Calculate the greatest common divisor of 42 and h.
6
Let r = -21 + 85. Calculate the greatest common divisor of 8 and r.
8
Let p be 2*-1 - -2 - (-2 + -30). What is the greatest common factor of 80 and p?
16
Suppose -10*t = -7*t + 6, 2*y - 134 = -3*t. Calculate the greatest common divisor of 20 and y.
10
Suppose 5*t - 31 = 2*i, 4*i = 3*t - 0*i - 13. Let m be 124/t + (-14)/(-49). Calculate the highest common divisor of 12 and m.
6
Let b be 10 + -3*(1 + 0). Let j = b + -2. Calculate the greatest common divisor of 5 and j.
5
Let w = 13 - 8. Suppose 0 = -w*v + 2*v - 5*l + 84, 4*v = -l + 129. Calculate the highest common divisor of 3 and v.
3
Let w be 1/(-2) - (-116)/8. Calculate the highest common divisor of w and 112.
14
Let j(w) = w**3 + 4*w**2 + 2. Let p be j(-4). Calculate the greatest common factor of p and 2.
2
Let f be (-488)/(-12)*30/4. Suppose -3*w + f - 65 = 0. Calculate the greatest common factor of w and 32.
16
Let r(n) = 4*n + 48. Let l be r(-11). Let q(p) = p**2 - p + 4. Let h be q(5). Calculate the greatest common divisor of h and l.
4
Let x = 4 + -2. Suppose -1 = -3*u + 8, x*u = -2*y + 114. Let o = 41 - 23. What is the greatest common divisor of o and y?
18
Let q = -1 - -3. Suppose -2*l + 8 = 0, q*l = 4*j - 0*l - 8. What is the highest common factor of j and 32?
4
Let z = -14 + 22. What is the highest common factor of z and 8?
8
Suppose 3*c - 21 = -3*q, -5*c - 4 + 32 = -2*q. What is the greatest common divisor of c and 30?
6
Suppose 3*c + 3 = 3*y - 6, -4*c + 2 = -2*y. What is the greatest common divisor of 21 and y?
7
Let l(w) = 8 - 1 + 5 + w. Let i be l(-8). Suppose -n + 21 = i*r, 3*r - 3 = n + 4. Calculate the greatest common divisor of r and 6.
2
Let p(u) be the second derivative of u**4/12 - u**3/2 + 3*u**2/2 - 3*u. Let z be p(2). Suppose -3*n + 44 = n. Calculate the greatest common factor of z and n.
1
Let j = 99 - 27. What is the highest common factor of 8 and j?
8
Let a(z) be the third derivative of z**5/60 + z**4/8 - z**2. Let b be a(-3). Suppose b*w + 345 = 5*w. What is the highest common divisor of 46 and w?
23
Suppose m - 81 = 4*z - z, -m + 86 = -2*z. Suppose -2*b = 3*q + 80, 2*q + 0*b + 32 = 4*b. Let w = q + 36. What is the highest common divisor of w and m?
12
Suppose 5*h - 6 - 3 = -2*b, -h + b + 6 = 0. Let x = -3 + h. Let d = x + 4. Calculate the greatest common divisor of 32 and d.
4
Suppose 9*m = -4 + 148. Calculate the greatest commo